rime?
False
Is 207530519 a composite number?
True
Is 13638397 prime?
True
Is 237571 composite?
False
Is 37199453 a prime number?
True
Is 104077679 composite?
False
Is 3813449 a composite number?
True
Is 31366747 a composite number?
False
Is 758092243 composite?
False
Is 9372113 prime?
True
Is 4390717 a prime number?
True
Is 22096913 a prime number?
True
Is 49724877 prime?
False
Is 39155261 composite?
True
Is 321817 a composite number?
False
Is 29350723 a composite number?
False
Is 1679443 prime?
True
Is 69363989 a composite number?
False
Is 333691 a composite number?
False
Is 32942011 composite?
False
Is 38267371 prime?
True
Is 3470569 composite?
True
Is 2272019 prime?
True
Is 14893447 a composite number?
False
Is 158465218 prime?
False
Is 1994699 prime?
False
Is 25375109 a composite number?
False
Is 9739493 a composite number?
False
Is 14330945 a prime number?
False
Is 547849 composite?
False
Is 60007849 a composite number?
True
Is 8760341 a composite number?
False
Is 336390239 a prime number?
True
Is 4568691 prime?
False
Is 1453847 a prime number?
True
Is 2207549 a composite number?
False
Is 1058455 a prime number?
False
Is 13880861 composite?
False
Is 7302667 prime?
True
Is 22418521 a prime number?
False
Is 16522003 composite?
False
Is 8073193 a composite number?
False
Is 71181079 a composite number?
True
Is 3442379 composite?
False
Is 3069817 prime?
True
Is 6736973 a composite number?
False
Is 205279379 composite?
False
Is 510121 composite?
False
Is 935243 composite?
False
Is 5286343 a composite number?
True
Is 15168949 a composite number?
True
Is 120237971 a composite number?
True
Is 2470603 a prime number?
True
Is 11631631 prime?
False
Is 1701197 prime?
False
Is 1721971 a prime number?
False
Is 5763851 prime?
False
Is 1258133 prime?
True
Is 4017703 prime?
False
Is 21267011 prime?
True
Is 60602329 prime?
True
Is 107757317 prime?
True
Is 39031555 prime?
False
Is 133425821 composite?
False
Is 3334553 composite?
True
Is 357062263 prime?
True
Is 29657937 a composite number?
True
Is 68030149 a prime number?
False
Is 9080927 a prime number?
True
Is 3051469 a prime number?
False
Is 4548671 composite?
False
Is 41013542 composite?
True
Is 24974689 composite?
True
Is 64014031 prime?
True
Is 597816979 a prime number?
True
Is 26625091 composite?
False
Is 120645427 a prime number?
False
Is 58157971 a composite number?
False
Is 35760419 a prime number?
False
Is 118183 a composite number?
True
Is 42487033 a composite number?
False
Is 131747927 a prime number?
False
Is 17771795 composite?
True
Is 54277865 a prime number?
False
Is 106409279 composite?
False
Is 94392799 a composite number?
True
Is 218159 composite?
True
Is 4505849 a composite number?
False
Is 1367869 prime?
True
Is 80279 prime?
True
Is 2426591 composite?
False
Is 913009 a composite number?
True
Is 1233361 a prime number?
True
Is 57545347 prime?
False
Is 2114699 prime?
True
Is 10203241 a composite number?
False
Is 386713 composite?
False
Is 3575615 prime?
False
Is 49536517 a prime number?
False
Is 222302378 a composite number?
True
Is 158619077 a prime number?
True
Is 144357 prime?
False
Is 24476717 prime?
True
Is 19406553 prime?
False
Is 6231691 a composite number?
True
Is 6035533 a prime number?
False
Is 18682661 a prime number?
True
Is 232581707 prime?
False
Is 6097103 prime?
True
Is 583469 a composite number?
False
Is 5766419 composite?
True
Is 655351 prime?
True
Is 8493649 composite?
False
Is 1263061847 a prime number?
True
Is 837773 composite?
False
Is 340745599 composite?
False
Is 14015789 prime?
True
Is 135479467 prime?
True
Is 1225331 prime?
True
Is 340685897 a composite number?
False
Is 30131107 a composite number?
False
Is 1478777 a composite number?
False
Is 10956655 a prime number?
False
Is 2074349 a composite number?
False
Is 197887 a composite number?
False
Is 1913927 a composite number?
True
Is 47082199 composite?
False
Is 1243915 prime?
False
Is 1912023605 a prime number?
False
Is 22009417 prime?
True
Is 1033579 composite?
True
Is 40069207 prime?
False
Is 26025737 prime?
True
Is 55283089 composite?
False
Is 484323049 a prime number?
False
Is 1936013 a prime number?
False
Is 964333 prime?
True
Is 5467799 a composite number?
False
Is 3452069 prime?
True
Is 90787885 a prime number?
False
Is 50360741 a prime number?
False
Is 5571323 a prime number?
True
Is 36930457 a composite number?
True
Is 24773 composite?
True
Is 559991 a composite number?
False
Is 346233289 prime?
True
Is 13480801 prime?
False
Is 750811 prime?
False
Is 132640589 composite?
True
Is 170749811 composite?
True
Is 1405097 composite?
False
Is 684961 prime?
True
Is 19744121 composite?
False
Is 121344263 composite?
False
Is 57489893 prime?
True
Is 591301 a composite number?
False
Is 70401557 composite?
False
Is 437387 composite?
False
Is 4155397 prime?
False
Is 178323997 composite?
True
Is 5164069 prime?
True
Is 363664517 prime?
False
Is 9459893 a composite number?
False
Is 6485113 a composite number?
False
Is 13643561 a composite number?
True
Is 5182729 composite?
True
Is 50304737 composite?
True
Is 248863457 prime?
True
Is 11881223 composite?
False
Is 4576478 composite?
True
Is 90611063 prime?
True
Is 794440211 a prime number?
True
Is 1514537 composite?
False
Is 228113653 composite?
False
Is 451898 a composite number?
True
Is 11848339 prime?
True
Is 946367 a prime number?
True
Is 86259133 prime?
False
Is 6826511 prime?
True
Is 1637131 a prime number?
False
Is 11228929 prime?
True
Is 304891 composite?
True
Is 17155609 a prime number?
True
Is 31943489 a prime number?
True
Is 9013937 a prime number?
True
Is 480467653 a prime number?
False
Is 3833513 prime?
True
Is 56360615 a composite number?
True
Is 10151033 a composite number?
False
Is 1683797 a composite number?
True
Is 2866499 a composite number?
False
Is 574653 a prime number?
False
Is 6365117 a composite number?
True
Is 810577 a prime number?
False
Is 3458227 prime?
False
Is 57516419 prime?
True
Is 915479 a composite number?
False
Is 132032993 a composite number?
False
Is 18916921 a prime number?
False
Is 336126185 prime?
False
Is 3993409 prime?
False
Is 7099289 composite?
True
Is 2364257 prime?
False
Is 3405989 composite?
True
Is 17094119 prime?
False
Is 72648733 a prime number?
True
Is 9404531 composite?
False
Is 128924639 a composite number?
False
Is 8089091 a composite number?
True
Is 5755301 composite?
True
Is 3585751 prime?
False
Is 2783711 prime?
False
Is 7394437 a composite number?
True
Is 24447301 composite?
False
Is 139665899 prime?
True
Is 21150527 a composite number?
True
Is 362443 a composite number?
False
Is 13760791 a prime number?
False
Is 46988807 a prime number?
False
Is 1703009635 a prime number?
False
Is 1418297 prime?
True
Is 910121 a composite number?
False
Is 96798029 a composite number?
False
Is 824147 a prime number?
True
Is 49672387 composite?
True
Is 76313953 prime?
True
Is 11503091 a prime number?
True
Is 1337179 a composite number?
True
Is 83469689 prime?
True
Is 19158641 composite?
True
Is 1566881 a composite number?
False
Is 433076209 a prime number?
True
Is 4305883 a composite number?
True
Is 1014107 a prime number?
False
Is 133964615 a composite number?
True
Is 47723863 prime?
False
Is 19012529 a prime number?
False
Is 42043139 a composite number?
False
Is 111543791 a prime number?
False
Is 418673 prime?
False
Is 4090465 composite?
True
Is 10400261 prime?
True
Is 257365 a composite number?
True
Is 16203061 a prime number?
False
Is 38396681 composite?
False
Is 389338921 prime?
True
Is 171634327 composite?
True
Is 35850071 composite?
False
Is 1655191 a prime number?
False
Is 183461 composite?
False
Is 945163 a prime number?
False
Is 369583 composite?
True
Is 72185189 prime?
True
Is 9176771 a prime number?
True
Is 79247 composite?
True
Is 211864657 composite?
True
Is 1239103 a prime number?
True
Is 2931141 composite?
True
Is 18394769 a prime number?
False
Is 233373747 a composite number?
True
Is 26611447 a prime number?
False
Is 1072559 prime?
False
Is 58316099 a prime number?
True
Is 127233905 a composite number?
True
Is 899005 a composite number?
True
Is 222364729 a composite number?
False
Is 40933939 prime?
True
Is 2708857 a prime number?
False
Is 1824387 composite?
True
Is 17359633 prime?
False
Is 4068193 a prime number?